{"id":29,"date":"2023-03-10T07:33:22","date_gmt":"2023-03-10T07:33:22","guid":{"rendered":"https:\/\/rudi-zampa.at\/?page_id=29"},"modified":"2023-03-26T14:46:32","modified_gmt":"2023-03-26T14:46:32","slug":"shimbukan","status":"publish","type":"page","link":"https:\/\/rudi-zampa.at\/?page_id=29","title":{"rendered":"Shimbukan"},"content":{"rendered":"\n<p>In Schwechat wird ebenfalls die alte Kampfkunst mit Werkzeugen oder b\u00e4uerlichen Ger\u00e4ten das Ryukyu Kobudo Shimbukan trainiert. Ryukyu Kobudo wurde von Taira Shinken in Okinawa gegr\u00fcndet. Sein direkter Sch\u00fcler, Akamine&nbsp;Esuke, f\u00fchrte die Lehre bis zu seinem Tode im Jahre 1999 fort.  2011 gr\u00fcndete sein Sohn Akamine&nbsp;Hiroshi&nbsp;das Ryukyu Kobudo Shimbukan Dojo, dessen internationalen Vorsitz er auch inne hat. Das Hombudojo Shimbukan befindet sich s\u00fcdlich von Naha der Hauptstadt von Okinawa, in der Stadt Tomigusuku.<\/p>\n\n\n<div  id=\"jtg-276\" class=\"modula modula-gallery modula-custom-grid\" data-config=\"{&quot;height&quot;:0,&quot;tabletHeight&quot;:0,&quot;mobileHeight&quot;:0,&quot;desktopHeight&quot;:0,&quot;enableTwitter&quot;:false,&quot;enableWhatsapp&quot;:false,&quot;enableFacebook&quot;:false,&quot;enablePinterest&quot;:false,&quot;enableLinkedin&quot;:false,&quot;enableEmail&quot;:false,&quot;randomFactor&quot;:0,&quot;type&quot;:&quot;custom-grid&quot;,&quot;columns&quot;:12,&quot;gutter&quot;:10,&quot;mobileGutter&quot;:10,&quot;tabletGutter&quot;:10,&quot;desktopGutter&quot;:10,&quot;enableResponsive&quot;:&quot;0&quot;,&quot;tabletColumns&quot;:&quot;2&quot;,&quot;mobileColumns&quot;:&quot;1&quot;,&quot;lazyLoad&quot;:0,&quot;lightboxOpts&quot;:{&quot;animated&quot;:true,&quot;Thumbs&quot;:{&quot;type&quot;:&quot;modern&quot;,&quot;showOnStart&quot;:false},&quot;Toolbar&quot;:{&quot;display&quot;:{&quot;right&quot;:[&quot;close&quot;]},&quot;enabled&quot;:true},&quot;Carousel&quot;:{&quot;Panzoom&quot;:{&quot;touch&quot;:true},&quot;infinite&quot;:false},&quot;keyboard&quot;:{&quot;Escape&quot;:&quot;close&quot;,&quot;Delete&quot;:&quot;close&quot;,&quot;Backspace&quot;:&quot;close&quot;,&quot;PageUp&quot;:false,&quot;PageDown&quot;:false,&quot;ArrowUp&quot;:false,&quot;ArrowDown&quot;:false,&quot;ArrowRight&quot;:false,&quot;ArrowLeft&quot;:false},&quot;touch&quot;:false,&quot;backdropClick&quot;:false,&quot;l10n&quot;:{&quot;CLOSE&quot;:&quot;Schlie\\u00dfen&quot;,&quot;NEXT&quot;:&quot;Weiter&quot;,&quot;PREV&quot;:&quot;Zur\\u00fcck&quot;,&quot;Error&quot;:&quot;Der angeforderte Inhalt kann nicht geladen werden. Bitte versuche es sp\\u00e4ter noch einmal.&quot;,&quot;PLAY_START&quot;:&quot;Slideshow starten&quot;,&quot;PLAY_STOP&quot;:&quot;Slideshow anhalten&quot;,&quot;FULL_SCREEN&quot;:&quot;Vollbild&quot;,&quot;THUMBS&quot;:&quot;Vorschaubilder&quot;,&quot;DOWNLOAD&quot;:&quot;Download&quot;,&quot;SHARE&quot;:&quot;Teilen&quot;,&quot;ZOOM&quot;:&quot;Vergr\\u00f6\\u00dfern&quot;,&quot;EMAIL&quot;:&quot;Hier ist der Link zum Bild: %%image_link%% und hier ist der Link zur Galerie: %%gallery_link%%&quot;,&quot;MODAL&quot;:&quot;Du kannst diesen Modal-Inhalt mit der ESC-Taste schlie\\u00dfen&quot;,&quot;ERROR&quot;:&quot;Es ist ein Fehler aufgetreten. Bitte versuche es sp\\u00e4ter noch einmal&quot;,&quot;IMAGE_ERROR&quot;:&quot;Bild nicht gefunden&quot;,&quot;ELEMENT_NOT_FOUND&quot;:&quot;HTML-Element nicht gefunden&quot;,&quot;AJAX_NOT_FOUND&quot;:&quot;Fehler beim Laden von AJAX: Nicht gefunden&quot;,&quot;AJAX_FORBIDDEN&quot;:&quot;Fehler beim Laden von AJAX: Zugriff verweigert&quot;,&quot;IFRAME_ERROR&quot;:&quot;Fehler beim Laden der Seite&quot;,&quot;TOGGLE_ZOOM&quot;:&quot;Zoomstufe umschalten&quot;,&quot;TOGGLE_THUMBS&quot;:&quot;Miniaturansichten ein-\\\/ausblenden&quot;,&quot;TOGGLE_SLIDESHOW&quot;:&quot;Diashow ein-\\\/ausschalten&quot;,&quot;TOGGLE_FULLSCREEN&quot;:&quot;Vollbildmodus umschalten&quot;},&quot;Images&quot;:{&quot;Panzoom&quot;:{&quot;maxScale&quot;:2}},&quot;mainClass&quot;:&quot;modula-fancybox-container modula-lightbox-jtg-276&quot;,&quot;Html&quot;:{&quot;videoAutoplay&quot;:0,&quot;videoTpl&quot;:&quot;&lt;video class=\\&quot;fancybox__html5video\\&quot; controls muted playsinline controlsList controlsList=\\&quot;nodownload\\&quot; poster=\\&quot;{{poster}}\\&quot; src=\\&quot;{{src}}\\&quot; type=\\&quot;{{format}}\\&quot; &gt;  Sorry, your browser doesn&#039;t support embedded videos, &lt;a href=\\&quot;{{src}}\\&quot;&gt; download &lt;\\\/a&gt; and watch with your favorite video player! &lt;\\\/video&gt;&quot;}},&quot;inView&quot;:false,&quot;email_subject&quot;:&quot;Check out this awesome image !!&quot;,&quot;email_message&quot;:&quot;Here is the link to the image : %%image_link%% and this is the link to the gallery : %%gallery_link%%&quot;,&quot;lightbox&quot;:&quot;fancybox&quot;}\">\n\n\t\n\t<div  class=\"modula-items\">\n\t\t<div class=\"modula-item effect-pufrobo\" data-width=\"2\" data-height=\"2\" >\n\t<div class=\"modula-item-overlay\"><\/div>\n\n\t<div class=\"modula-item-content\">\n\n\t\t<a data-image-id=\"244\" role=\"button\" tabindex=\"0\" rel=\"jtg-276\" data-caption=\"\" aria-label=\"Bilder in Lightbox \u00f6ffnen\" class=\"tile-inner modula-item-link\"><\/a><img loading=\"lazy\" decoding=\"async\" class=\"pic wp-image-244\"  data-valign=\"middle\" data-halign=\"center\" alt=\"\" data-full=\"https:\/\/rudi-zampa.at\/wp-content\/uploads\/2023\/03\/sbild4.png\" title=\"sbild4\" crop=\"\" width=\"300\" height=\"169\" src=\"https:\/\/rudi-zampa.at\/wp-content\/uploads\/2023\/03\/sbild4-300x169.png\" data-src=\"https:\/\/rudi-zampa.at\/wp-content\/uploads\/2023\/03\/sbild4-300x169.png\" data-caption=\"\" srcset=\"https:\/\/rudi-zampa.at\/wp-content\/uploads\/2023\/03\/sbild4.png 1253w, https:\/\/rudi-zampa.at\/wp-content\/uploads\/2023\/03\/sbild4-300x169.png 300w, https:\/\/rudi-zampa.at\/wp-content\/uploads\/2023\/03\/sbild4-1024x576.png 1024w, https:\/\/rudi-zampa.at\/wp-content\/uploads\/2023\/03\/sbild4-768x432.png 768w\" sizes=\"auto, (max-width: 300px) 100vw, 300px\" \/>\n\t\t<div class=\"figc no-description\">\n\t\t\t<div class=\"figc-inner\">\n\t\t\t\t\t\t\t\t\t\t\t\t\t\t\t<\/div>\n\t\t<\/div>\n\n\t<\/div>\n\n<\/div><div class=\"modula-item effect-pufrobo\" data-width=\"2\" data-height=\"2\" >\n\t<div class=\"modula-item-overlay\"><\/div>\n\n\t<div class=\"modula-item-content\">\n\n\t\t<a data-image-id=\"243\" role=\"button\" tabindex=\"0\" rel=\"jtg-276\" data-caption=\"\" aria-label=\"Bilder in Lightbox \u00f6ffnen\" class=\"tile-inner modula-item-link\"><\/a><img loading=\"lazy\" decoding=\"async\" class=\"pic wp-image-243\"  data-valign=\"middle\" data-halign=\"center\" alt=\"\" data-full=\"https:\/\/rudi-zampa.at\/wp-content\/uploads\/2023\/03\/sbild3.png\" title=\"sbild3\" crop=\"\" width=\"300\" height=\"200\" src=\"https:\/\/rudi-zampa.at\/wp-content\/uploads\/2023\/03\/sbild3-300x200.png\" data-src=\"https:\/\/rudi-zampa.at\/wp-content\/uploads\/2023\/03\/sbild3-300x200.png\" data-caption=\"\" srcset=\"https:\/\/rudi-zampa.at\/wp-content\/uploads\/2023\/03\/sbild3.png 2048w, https:\/\/rudi-zampa.at\/wp-content\/uploads\/2023\/03\/sbild3-300x200.png 300w, https:\/\/rudi-zampa.at\/wp-content\/uploads\/2023\/03\/sbild3-1024x683.png 1024w, https:\/\/rudi-zampa.at\/wp-content\/uploads\/2023\/03\/sbild3-768x512.png 768w, https:\/\/rudi-zampa.at\/wp-content\/uploads\/2023\/03\/sbild3-1536x1024.png 1536w\" sizes=\"auto, (max-width: 300px) 100vw, 300px\" \/>\n\t\t<div class=\"figc no-description\">\n\t\t\t<div class=\"figc-inner\">\n\t\t\t\t\t\t\t\t\t\t\t\t\t\t\t<\/div>\n\t\t<\/div>\n\n\t<\/div>\n\n<\/div><div class=\"modula-item effect-pufrobo\" data-width=\"2\" data-height=\"2\" >\n\t<div class=\"modula-item-overlay\"><\/div>\n\n\t<div class=\"modula-item-content\">\n\n\t\t<a data-image-id=\"242\" role=\"button\" tabindex=\"0\" rel=\"jtg-276\" data-caption=\"\" aria-label=\"Bilder in Lightbox \u00f6ffnen\" class=\"tile-inner modula-item-link\"><\/a><img loading=\"lazy\" decoding=\"async\" class=\"pic wp-image-242\"  data-valign=\"middle\" data-halign=\"center\" alt=\"\" data-full=\"https:\/\/rudi-zampa.at\/wp-content\/uploads\/2023\/03\/sbild2.png\" title=\"sbild2\" crop=\"\" width=\"200\" height=\"300\" src=\"https:\/\/rudi-zampa.at\/wp-content\/uploads\/2023\/03\/sbild2-200x300.png\" data-src=\"https:\/\/rudi-zampa.at\/wp-content\/uploads\/2023\/03\/sbild2-200x300.png\" data-caption=\"\" srcset=\"https:\/\/rudi-zampa.at\/wp-content\/uploads\/2023\/03\/sbild2.png 546w, https:\/\/rudi-zampa.at\/wp-content\/uploads\/2023\/03\/sbild2-200x300.png 200w\" sizes=\"auto, (max-width: 200px) 100vw, 200px\" \/>\n\t\t<div class=\"figc no-description\">\n\t\t\t<div class=\"figc-inner\">\n\t\t\t\t\t\t\t\t\t\t\t\t\t\t\t<\/div>\n\t\t<\/div>\n\n\t<\/div>\n\n<\/div><div class=\"modula-item effect-pufrobo\" data-width=\"2\" data-height=\"2\" >\n\t<div class=\"modula-item-overlay\"><\/div>\n\n\t<div class=\"modula-item-content\">\n\n\t\t<a data-image-id=\"241\" role=\"button\" tabindex=\"0\" rel=\"jtg-276\" data-caption=\"\" aria-label=\"Bilder in Lightbox \u00f6ffnen\" class=\"tile-inner modula-item-link\"><\/a><img loading=\"lazy\" decoding=\"async\" class=\"pic wp-image-241\"  data-valign=\"middle\" data-halign=\"center\" alt=\"\" data-full=\"https:\/\/rudi-zampa.at\/wp-content\/uploads\/2023\/03\/sbild1.png\" title=\"sbild1\" crop=\"\" width=\"300\" height=\"200\" src=\"https:\/\/rudi-zampa.at\/wp-content\/uploads\/2023\/03\/sbild1-300x200.png\" data-src=\"https:\/\/rudi-zampa.at\/wp-content\/uploads\/2023\/03\/sbild1-300x200.png\" data-caption=\"\" srcset=\"https:\/\/rudi-zampa.at\/wp-content\/uploads\/2023\/03\/sbild1.png 2048w, https:\/\/rudi-zampa.at\/wp-content\/uploads\/2023\/03\/sbild1-300x200.png 300w, https:\/\/rudi-zampa.at\/wp-content\/uploads\/2023\/03\/sbild1-1024x683.png 1024w, https:\/\/rudi-zampa.at\/wp-content\/uploads\/2023\/03\/sbild1-768x512.png 768w, https:\/\/rudi-zampa.at\/wp-content\/uploads\/2023\/03\/sbild1-1536x1024.png 1536w\" sizes=\"auto, (max-width: 300px) 100vw, 300px\" \/>\n\t\t<div class=\"figc no-description\">\n\t\t\t<div class=\"figc-inner\">\n\t\t\t\t\t\t\t\t\t\t\t\t\t\t\t<\/div>\n\t\t<\/div>\n\n\t<\/div>\n\n<\/div>\t\t\n\t<\/div>\n\n\t\n\t\n\t<script type=\"application\/ld+json\">\n\t{\n\t\t\"@context\": \"http:\/\/schema.org\",\n\t\t\"@type\"   : \"ImageGallery\",\n\t\t\"id\"      : \"https:\/\/rudi-zampa.at\/?page_id=29\/\",\n\t\t\"url\"     : \"https:\/\/rudi-zampa.at\/?page_id=29\/\"\n\t}\n\n\t<\/script>\n\n\t\n<\/div>\n","protected":false},"excerpt":{"rendered":"<p>In Schwechat wird ebenfalls die alte Kampfkunst mit Werkzeugen oder b\u00e4uerlichen Ger\u00e4ten das Ryukyu Kobudo Shimbukan trainiert. Ryukyu Kobudo wurde von Taira Shinken in Okinawa gegr\u00fcndet. Sein direkter Sch\u00fcler, Akamine&nbsp;Esuke, f\u00fchrte die Lehre bis zu seinem Tode im Jahre 1999 fort. 2011 gr\u00fcndete sein Sohn Akamine&nbsp;Hiroshi&nbsp;das Ryukyu Kobudo Shimbukan Dojo, dessen internationalen Vorsitz er auch [&hellip;]<\/p>\n","protected":false},"author":1,"featured_media":0,"parent":0,"menu_order":0,"comment_status":"closed","ping_status":"closed","template":"","meta":{"ngg_post_thumbnail":0,"footnotes":""},"class_list":["post-29","page","type-page","status-publish","hentry"],"yoast_head":"<!-- This site is optimized with the Yoast SEO plugin v27.4 - https:\/\/yoast.com\/product\/yoast-seo-wordpress\/ -->\n<title>Shimbukan - Goju Ryu &amp; Ryukyu Kobudo<\/title>\n<meta name=\"robots\" content=\"index, follow, max-snippet:-1, max-image-preview:large, max-video-preview:-1\" \/>\n<link rel=\"canonical\" href=\"https:\/\/rudi-zampa.at\/?page_id=29\" \/>\n<meta property=\"og:locale\" content=\"de_DE\" \/>\n<meta property=\"og:type\" content=\"article\" \/>\n<meta property=\"og:title\" content=\"Shimbukan - Goju Ryu &amp; Ryukyu Kobudo\" \/>\n<meta property=\"og:description\" content=\"In Schwechat wird ebenfalls die alte Kampfkunst mit Werkzeugen oder b\u00e4uerlichen Ger\u00e4ten das Ryukyu Kobudo Shimbukan trainiert. Ryukyu Kobudo wurde von Taira Shinken in Okinawa gegr\u00fcndet. Sein direkter Sch\u00fcler, Akamine&nbsp;Esuke, f\u00fchrte die Lehre bis zu seinem Tode im Jahre 1999 fort. 2011 gr\u00fcndete sein Sohn Akamine&nbsp;Hiroshi&nbsp;das Ryukyu Kobudo Shimbukan Dojo, dessen internationalen Vorsitz er auch [&hellip;]\" \/>\n<meta property=\"og:url\" content=\"https:\/\/rudi-zampa.at\/?page_id=29\" \/>\n<meta property=\"og:site_name\" content=\"Goju Ryu &amp; Ryukyu Kobudo\" \/>\n<meta property=\"article:publisher\" content=\"https:\/\/www.facebook.com\/profile.php?id=100064171203431\" \/>\n<meta property=\"article:modified_time\" content=\"2023-03-26T14:46:32+00:00\" \/>\n<meta name=\"twitter:card\" content=\"summary_large_image\" \/>\n<script type=\"application\/ld+json\" class=\"yoast-schema-graph\">{\"@context\":\"https:\\\/\\\/schema.org\",\"@graph\":[{\"@type\":\"WebPage\",\"@id\":\"https:\\\/\\\/rudi-zampa.at\\\/?page_id=29\",\"url\":\"https:\\\/\\\/rudi-zampa.at\\\/?page_id=29\",\"name\":\"Shimbukan - Goju Ryu &amp; Ryukyu Kobudo\",\"isPartOf\":{\"@id\":\"https:\\\/\\\/rudi-zampa.at\\\/#website\"},\"datePublished\":\"2023-03-10T07:33:22+00:00\",\"dateModified\":\"2023-03-26T14:46:32+00:00\",\"breadcrumb\":{\"@id\":\"https:\\\/\\\/rudi-zampa.at\\\/?page_id=29#breadcrumb\"},\"inLanguage\":\"de\",\"potentialAction\":[{\"@type\":\"ReadAction\",\"target\":[\"https:\\\/\\\/rudi-zampa.at\\\/?page_id=29\"]}]},{\"@type\":\"BreadcrumbList\",\"@id\":\"https:\\\/\\\/rudi-zampa.at\\\/?page_id=29#breadcrumb\",\"itemListElement\":[{\"@type\":\"ListItem\",\"position\":1,\"name\":\"Startseite\",\"item\":\"https:\\\/\\\/rudi-zampa.at\\\/\"},{\"@type\":\"ListItem\",\"position\":2,\"name\":\"Shimbukan\"}]},{\"@type\":\"WebSite\",\"@id\":\"https:\\\/\\\/rudi-zampa.at\\\/#website\",\"url\":\"https:\\\/\\\/rudi-zampa.at\\\/\",\"name\":\"Goju Ryu &amp; Ryukyu Kobudo\",\"description\":\"powered by Rudi Zampa\",\"publisher\":{\"@id\":\"https:\\\/\\\/rudi-zampa.at\\\/#organization\"},\"potentialAction\":[{\"@type\":\"SearchAction\",\"target\":{\"@type\":\"EntryPoint\",\"urlTemplate\":\"https:\\\/\\\/rudi-zampa.at\\\/?s={search_term_string}\"},\"query-input\":{\"@type\":\"PropertyValueSpecification\",\"valueRequired\":true,\"valueName\":\"search_term_string\"}}],\"inLanguage\":\"de\"},{\"@type\":\"Organization\",\"@id\":\"https:\\\/\\\/rudi-zampa.at\\\/#organization\",\"name\":\"Goju Ryu &amp; Ryukyu Kobudo\",\"url\":\"https:\\\/\\\/rudi-zampa.at\\\/\",\"logo\":{\"@type\":\"ImageObject\",\"inLanguage\":\"de\",\"@id\":\"https:\\\/\\\/rudi-zampa.at\\\/#\\\/schema\\\/logo\\\/image\\\/\",\"url\":\"https:\\\/\\\/rudi-zampa.at\\\/wp-content\\\/uploads\\\/2023\\\/03\\\/Shimbukan-1-e1678436112858.jpg\",\"contentUrl\":\"https:\\\/\\\/rudi-zampa.at\\\/wp-content\\\/uploads\\\/2023\\\/03\\\/Shimbukan-1-e1678436112858.jpg\",\"width\":1530,\"height\":465,\"caption\":\"Goju Ryu &amp; Ryukyu Kobudo\"},\"image\":{\"@id\":\"https:\\\/\\\/rudi-zampa.at\\\/#\\\/schema\\\/logo\\\/image\\\/\"},\"sameAs\":[\"https:\\\/\\\/www.facebook.com\\\/profile.php?id=100064171203431\"]}]}<\/script>\n<!-- \/ Yoast SEO plugin. -->","yoast_head_json":{"title":"Shimbukan - Goju Ryu &amp; Ryukyu Kobudo","robots":{"index":"index","follow":"follow","max-snippet":"max-snippet:-1","max-image-preview":"max-image-preview:large","max-video-preview":"max-video-preview:-1"},"canonical":"https:\/\/rudi-zampa.at\/?page_id=29","og_locale":"de_DE","og_type":"article","og_title":"Shimbukan - Goju Ryu &amp; Ryukyu Kobudo","og_description":"In Schwechat wird ebenfalls die alte Kampfkunst mit Werkzeugen oder b\u00e4uerlichen Ger\u00e4ten das Ryukyu Kobudo Shimbukan trainiert. Ryukyu Kobudo wurde von Taira Shinken in Okinawa gegr\u00fcndet. Sein direkter Sch\u00fcler, Akamine&nbsp;Esuke, f\u00fchrte die Lehre bis zu seinem Tode im Jahre 1999 fort. 2011 gr\u00fcndete sein Sohn Akamine&nbsp;Hiroshi&nbsp;das Ryukyu Kobudo Shimbukan Dojo, dessen internationalen Vorsitz er auch [&hellip;]","og_url":"https:\/\/rudi-zampa.at\/?page_id=29","og_site_name":"Goju Ryu &amp; Ryukyu Kobudo","article_publisher":"https:\/\/www.facebook.com\/profile.php?id=100064171203431","article_modified_time":"2023-03-26T14:46:32+00:00","twitter_card":"summary_large_image","schema":{"@context":"https:\/\/schema.org","@graph":[{"@type":"WebPage","@id":"https:\/\/rudi-zampa.at\/?page_id=29","url":"https:\/\/rudi-zampa.at\/?page_id=29","name":"Shimbukan - Goju Ryu &amp; Ryukyu Kobudo","isPartOf":{"@id":"https:\/\/rudi-zampa.at\/#website"},"datePublished":"2023-03-10T07:33:22+00:00","dateModified":"2023-03-26T14:46:32+00:00","breadcrumb":{"@id":"https:\/\/rudi-zampa.at\/?page_id=29#breadcrumb"},"inLanguage":"de","potentialAction":[{"@type":"ReadAction","target":["https:\/\/rudi-zampa.at\/?page_id=29"]}]},{"@type":"BreadcrumbList","@id":"https:\/\/rudi-zampa.at\/?page_id=29#breadcrumb","itemListElement":[{"@type":"ListItem","position":1,"name":"Startseite","item":"https:\/\/rudi-zampa.at\/"},{"@type":"ListItem","position":2,"name":"Shimbukan"}]},{"@type":"WebSite","@id":"https:\/\/rudi-zampa.at\/#website","url":"https:\/\/rudi-zampa.at\/","name":"Goju Ryu &amp; Ryukyu Kobudo","description":"powered by Rudi Zampa","publisher":{"@id":"https:\/\/rudi-zampa.at\/#organization"},"potentialAction":[{"@type":"SearchAction","target":{"@type":"EntryPoint","urlTemplate":"https:\/\/rudi-zampa.at\/?s={search_term_string}"},"query-input":{"@type":"PropertyValueSpecification","valueRequired":true,"valueName":"search_term_string"}}],"inLanguage":"de"},{"@type":"Organization","@id":"https:\/\/rudi-zampa.at\/#organization","name":"Goju Ryu &amp; Ryukyu Kobudo","url":"https:\/\/rudi-zampa.at\/","logo":{"@type":"ImageObject","inLanguage":"de","@id":"https:\/\/rudi-zampa.at\/#\/schema\/logo\/image\/","url":"https:\/\/rudi-zampa.at\/wp-content\/uploads\/2023\/03\/Shimbukan-1-e1678436112858.jpg","contentUrl":"https:\/\/rudi-zampa.at\/wp-content\/uploads\/2023\/03\/Shimbukan-1-e1678436112858.jpg","width":1530,"height":465,"caption":"Goju Ryu &amp; Ryukyu Kobudo"},"image":{"@id":"https:\/\/rudi-zampa.at\/#\/schema\/logo\/image\/"},"sameAs":["https:\/\/www.facebook.com\/profile.php?id=100064171203431"]}]}},"_links":{"self":[{"href":"https:\/\/rudi-zampa.at\/index.php?rest_route=\/wp\/v2\/pages\/29","targetHints":{"allow":["GET"]}}],"collection":[{"href":"https:\/\/rudi-zampa.at\/index.php?rest_route=\/wp\/v2\/pages"}],"about":[{"href":"https:\/\/rudi-zampa.at\/index.php?rest_route=\/wp\/v2\/types\/page"}],"author":[{"embeddable":true,"href":"https:\/\/rudi-zampa.at\/index.php?rest_route=\/wp\/v2\/users\/1"}],"replies":[{"embeddable":true,"href":"https:\/\/rudi-zampa.at\/index.php?rest_route=%2Fwp%2Fv2%2Fcomments&post=29"}],"version-history":[{"count":15,"href":"https:\/\/rudi-zampa.at\/index.php?rest_route=\/wp\/v2\/pages\/29\/revisions"}],"predecessor-version":[{"id":284,"href":"https:\/\/rudi-zampa.at\/index.php?rest_route=\/wp\/v2\/pages\/29\/revisions\/284"}],"wp:attachment":[{"href":"https:\/\/rudi-zampa.at\/index.php?rest_route=%2Fwp%2Fv2%2Fmedia&parent=29"}],"curies":[{"name":"wp","href":"https:\/\/api.w.org\/{rel}","templated":true}]}}